{"id":2,"date":"2018-08-07T08:32:12","date_gmt":"2018-08-07T08:32:12","guid":{"rendered":"http:\/\/www.gesundimwesterwald.de\/?page_id=2"},"modified":"2026-04-08T16:53:39","modified_gmt":"2026-04-08T16:53:39","slug":"sample-page","status":"publish","type":"page","link":"http:\/\/www.gesundimwesterwald.de\/?page_id=2","title":{"rendered":"Gesundheitsmesse 2026"},"content":{"rendered":"<p><a href=\"http:\/\/www.gesundimwesterwald.de\/?attachment_id=111\" rel=\"attachment wp-att-111\">Hallenplan<\/a><\/p>\n<p>Sehr geehrte Damen und Herren,<\/p>\n<p>es ist wieder so weit, auch dieses Jahr m\u00f6chten wir an den Erfolg unserer letzten Gesundheitsmesse ankn\u00fcpfen, und am 22.11.2026 \u00a0zum 4. Mal die Gesundheitsmesse starten. Sie waren dabei, dann laden wir Sie in diesem Jahr zur Teilnahme wieder ein, wenn nicht laden wir Sie erst recht ein. Wir<span class=\"Apple-converted-space\">\u00a0 <\/span>bieten wir ihnen eine Plattform an, die es ihnen erm\u00f6glicht die Vielfallt ihrer Produkte zu pr\u00e4sentieren. Beantworten Sie Fragen der ca. 1500 Besucher, erkl\u00e4ren Sie ihr Sortiment, und nutzen Sie unsere Veranstaltung zum Verkauf ihrer Produkte.<\/p>\n<p><span class=\"Apple-converted-space\">\u00a0<\/span>Unsere \u00d6ffnungszeiten Sonntag von 10.00 bis 18.00 Uhr<\/p>\n<p>Der Eingang Ihrer fr\u00fchzeitigen Anmeldung bestimmt ihren guten Messeplatz.<span class=\"Apple-converted-space\">\u00a0<\/span><\/p>\n<p>Wir stellen ihnen preisg\u00fcnstige, professionelle Messebauw\u00e4nde f\u00fcr ihre Pr\u00e4sentation zur Verf\u00fcgung,<span class=\"Apple-converted-space\">\u00a0<\/span><\/p>\n<p>Wir \u00fcbernehmen Werbung Pressemitteilung, Plakatwerbung und Werbetafeln. Dar\u00fcber hinaus k\u00f6nnen Sie ihre Kunden pers\u00f6nlich ansprechen und Sie zum Besuch unserer Messe einladen.<\/p>\n<p>Allgemeine Teilnahmebedingen an unserer Messe<\/p>\n<p>Ihr Angebot soll zu unserem Motte passen,<\/p>\n<p>Anmeldungen sind verbindlich und kostenpflichtig.<\/p>\n<p><span class=\"Apple-converted-space\">\u00a0<\/span>es gilt die Hausordnung, f\u00fcr die Stadthalle, der Stadt Rennerod<\/p>\n<p><b>Webseite <\/b><b>:<\/b><a href=\"http:\/\/gesundimwesterwald.de\/\"> <b>http:\/\/gesundimwesterwald.de<\/b><\/a><\/p>\n","protected":false},"excerpt":{"rendered":"<p>Hallenplan Sehr geehrte Damen und Herren, es ist wieder so weit, auch dieses Jahr m\u00f6chten wir an den Erfolg unserer letzten Gesundheitsmesse ankn\u00fcpfen, und am 22.11.2026 \u00a0zum 4. Mal die Gesundheitsmesse starten. Sie waren dabei, dann laden wir Sie in diesem Jahr zur Teilnahme wieder ein, wenn nicht laden wir Sie erst recht ein. Wir\u00a0 &hellip; <\/p>\n","protected":false},"author":1,"featured_media":0,"parent":0,"menu_order":0,"comment_status":"closed","ping_status":"closed","template":"","meta":{"footnotes":""},"class_list":["post-2","page","type-page","status-publish","hentry"],"_links":{"self":[{"href":"http:\/\/www.gesundimwesterwald.de\/index.php?rest_route=\/wp\/v2\/pages\/2","targetHints":{"allow":["GET"]}}],"collection":[{"href":"http:\/\/www.gesundimwesterwald.de\/index.php?rest_route=\/wp\/v2\/pages"}],"about":[{"href":"http:\/\/www.gesundimwesterwald.de\/index.php?rest_route=\/wp\/v2\/types\/page"}],"author":[{"embeddable":true,"href":"http:\/\/www.gesundimwesterwald.de\/index.php?rest_route=\/wp\/v2\/users\/1"}],"replies":[{"embeddable":true,"href":"http:\/\/www.gesundimwesterwald.de\/index.php?rest_route=%2Fwp%2Fv2%2Fcomments&post=2"}],"version-history":[{"count":18,"href":"http:\/\/www.gesundimwesterwald.de\/index.php?rest_route=\/wp\/v2\/pages\/2\/revisions"}],"predecessor-version":[{"id":396,"href":"http:\/\/www.gesundimwesterwald.de\/index.php?rest_route=\/wp\/v2\/pages\/2\/revisions\/396"}],"wp:attachment":[{"href":"http:\/\/www.gesundimwesterwald.de\/index.php?rest_route=%2Fwp%2Fv2%2Fmedia&parent=2"}],"curies":[{"name":"wp","href":"https:\/\/api.w.org\/{rel}","templated":true}]}}